001 - 11101?
10100
In base 7, what is -50 - 1340?
-1420
In base 12, what is 4a - 337?
-2a9
In base 13, what is -5 + -904?
-909
In base 15, what is 464 + 2?
466
In base 11, what is -1 - 5a?
-60
In base 14, what is 44b2 + 4?
44b6
In base 3, what is -11 - 11?
-22
In base 13, what is 190b + -3?
1908
In base 12, what is -2 - 17?
-19
In base 5, what is 144 - -10?
204
In base 4, what is -2022001 + 11?
-2021330
In base 10, what is -288 - -5?
-283
In base 10, what is -3 + 44?
41
In base 8, what is 1247 - 0?
1247
In base 11, what is 2 - 318?
-316
In base 3, what is -10022 + -1?
-10100
In base 14, what is 3 - -2c?
31
In base 6, what is -43 + -1502?
-1545
In base 5, what is 10 + 1330?
1340
In base 6, what is 101 + -12?
45
In base 11, what is 5 + -135?
-130
In base 16, what is -a + 187?
17d
In base 12, what is -4 - -1a04?
1a00
In base 15, what is -45 + -5?
-4a
In base 13, what is 36 - -2b?
64
In base 15, what is -cd - 4?
-d2
In base 14, what is -c - d7?
-105
In base 10, what is -3 - -85?
82
In base 12, what is -3 - 40?
-43
In base 8, what is 42 - -2?
44
In base 9, what is 1881 + 16?
2007
In base 14, what is 0 - 7?
-7
In base 15, what is -2 + -543?
-545
In base 4, what is 13110 + 13?
13123
In base 11, what is -5 - -4a?
45
In base 15, what is 29b + 4?
2a0
In base 9, what is 4 - 51?
-46
In base 5, what is 0 - 1303?
-1303
In base 10, what is 110 + 129?
239
In base 14, what is 0 - 291?
-291
In base 12, what is 805 + 1?
806
In base 6, what is -12 + 553?
541
In base 9, what is -18 + 103?
74
In base 5, what is -11202 + 3?
-11144
In base 8, what is 4 - 63?
-57
In base 14, what is -16 - -49?
33
In base 5, what is -2 - -330?
323
In base 15, what is 2 + -2c?
-2a
In base 15, what is -4 + -83?
-87
In base 15, what is -7dac - 0?
-7dac
In base 15, what is 736 + 4?
73a
In base 13, what is -5 + -32?
-37
In base 15, what is 4 + -3e5?
-3e1
In base 9, what is 5 - 30?
-24
In base 3, what is 10 - 101112?
-101102
In base 10, what is -153 + -3?
-156
In base 4, what is -11 - -3233?
3222
In base 15, what is 91 - -2?
93
In base 12, what is 7 - 9a?
-93
In base 2, what is 10001010101 - 11?
10001010010
In base 11, what is 21 + -7?
15
In base 11, what is -2 - 18?
-1a
In base 5, what is -114 + 412?
243
In base 8, what is -44 - -17?
-25
In base 15, what is -77 + -3?
-7a
In base 3, what is 12 - -112011?
112100
In base 5, what is -10 + 433?
423
In base 2, what is -1100000 - 10010?
-1110010
In base 8, what is -26 + -4?
-32
In base 14, what is 12b1 - 0?
12b1
In base 15, what is 69 - 1?
68
In base 7, what is 1414 + 0?
1414
In base 2, what is -1101 - 11000?
-100101
In base 10, what is 55 - -11?
66
In base 4, what is 12 + -11?
1
In base 9, what is -8 - -30?
21
In base 12, what is 3350 + 0?
3350
In base 16, what is 8 + 1c?
24
In base 4, what is -13012 + -10?
-13022
In base 3, what is 112 + -12110?
-11221
In base 2, what is -101 + -110010?
-110111
In base 7, what is 14 + -1?
13
In base 15, what is 129 - -14?
13d
In base 11, what is -2a1 + -5?
-2a6
In base 6, what is 11222 + 2?
11224
In base 12, what is -59 + 2?
-57
In base 3, what is 101 - 11012?
-10211
In base 9, what is -32 - -527?
485
In base 6, what is -1 - 2202?
-2203
In base 10, what is 1004 - 3?
1001
In base 3, what is 1011 - 11?
1000
In base 12, what is 6 - -1?
7
In base 10, what is 1 - 3803?
-3802
In base 13, what is -1 - 196?
-197
In base 4, what is 22300 - -1?
22301
In base 2, what is 10 + 111110101?
111110111
In base 11, what is -1179 - 1?
-117a
In base 12, what is -7 - -17?
10
In base 14, what is 1c + 31?
4d
In base 4, what is 3010 - 3?
3001
In base 10, what is 98 - 0?
98
In base 14, what is 2 + -2a8?
-2a6
In base 5, what is 3 + -3400?
-3342
In base 14, what is -11 + -a2?
-b3
In base 10, what is 118 - 4?
114
In base 3, what is -2 - -102100?
102021
In base 14, what is 997 + 6?
99d
In base 7, what is 136 - 1?
135
In base 4, what is 12312 - -1?
12313
In base 6, what is 3 - 154?
-151
In base 12, what is -41 - -4?
-39
In base 12, what is 1a6 + 73?
259
In base 4, what is -1012 - -10?
-1002
In base 13, what is -2882 - -3?
-287c
In base 3, what is -1102220 - 1?
-1102221
In base 8, what is 10 - 1322?
-1312
In base 8, what is -52 + -22?
-74
In base 13, what is 45 + 3?
48
In base 16, what is -7c - 2?
-7e
In base 16, what is 28 - -f?
37
In base 13, what is -38 - 68?
-a3
In base 2, what is -111000111 - -1?
-111000110
In base 13, what is -210 + -1?
-211
In base 10, what is -9 + -736?
-745
In base 16, what is 4 + -be4?
-be0
In base 6, what is -445 + -3?
-452
In base 5, what is 4 + -1222?
-1213
In base 15, what is 10 + 3?
13
In base 10, what is 23 + -415?
-392
In base 10, what is 0 - 1175?
-1175
In base 6, what is -401 - -45?
-312
In base 7, what is -13 + -2502?
-2515
In base 11, what is -4 - 441?
-445
In base 10, what is 459 - -5?
464
In base 10, what is -5 + -44?
-49
In base 15, what is 4 + -2d?
-29
In base 14, what is -5 + 18?
13
In base 14, what is -5 + -7?
-c
In base 7, what is 4 - -13?
20
In base 7, what is 15 - 1145?
-1130
In base 11, what is -67 - 4?
-70
In base 7, what is 3111 + -3?
3105
In base 8, what is -130 + -2?
-132
In base 2, what is -1001111001 + 101?
-1001110100
In base 14, what is -c + -10?
-1c
In base 3, what is 100011 - 2?
100002
In base 8, what is 515 + -10?
505
In base 9, what is -66 - -3?
-63
In base 10, what is 19327 - -1?
19328
In base 13, what is 1219 - -3?
121c
In base 3, what is 1 - 111?
-110
In base 16, what is -277 + -7?
-27e
In base 13, what is -126 + 5?
-121
In base 16, what is 171 - 3?
16e
In base 5, what is 4 - 223?
-214
In base 5, what is -20 + 20?
0
In base 9, what is 5 - -3703?
3708
In base 2, what is 11011001110 + 1000?
11011010110
In base 8, what is -1 + 722?
721
In base 16, what is 25 - -5?
2a
In base 16, what is 5 + -139?
-134
In base 5, what is -2314 + 12?
-2302
In base 12, what is -1643 + -10?
-1653
In base 3, what is 0 - 2110110?
-2110110
In base 11, what is 68 - -1?
69
In base 7, what is -116 + 324?
205
In base 11, what is 344 - 0?
344
In base 10, what is -18 - -9?
-9
In base 16, what is -f - 68?
-77
In base 2, what is -100 - 101011101?
-101100001
In base 5, what is 12021 - 1?
12020
In base 12, what is 6 - 64?
-5a
In base 16, what is -b - -4?
-7
In base 6, what is 1 - 1144?
-1143
In base 6, what is 20 + -434?
-414
In base 13, what is -ac + 3?
-a9
In base 8, what is 1100 + -3?
1075
In base 8, what is 4 + 235?
241
In base 12, what is 1 - 1656?
-1655
In base 8, what is 253 + 5?
260
In base 11, what is -12 + -a?
-21
In base 4, what is 3 - 13?
-10
In base 6, what is -2 + 223?
221
In base 7, what is 3 - 2336?
-2333
In base 7, what is -3 - -16352?
16346
In base 8, what is -71 + -1?
-72
In base 3, what is 12 - 11012102?
-11012020
In base 6, what is 11352 + 1?
11353
In base 14, what is 87 - 1?
86
In base 14, what is -352 - -5?
-34b
In base 2, what is 1011101 + -1?
1011100
In base 13, what is 37 - -4?
3b
In base 11, what is -3aa + 5?
-3a5
In base 8, what is -5 + 156?
151
In base 5, what is -42 + -22?
-114
In base 5, what is 424 - 10?
414
In base 14, what is 205 - -3?
208
In base 11, what is 100 - -4?
104
In base 8, what is -5 + -1156?
-1163
In base 12, what is 136 - -8?
142
In base 11, what is -9 + -1053?
-1061
In base 12, what is -5 - a?
-13
In base 2, what is -1 - 101110?
-101111
In base 16, what is -12c4 - -3?
-12c1
In base 15, what is 4 + 84?
88
In base 12, what is 830 - 5?
827
In base 16, what is 395 + -2?
393
In base 6, what is -30543 + 0?
-30543
In base 15, what is -122 + 0?
-122
In base 15, what is -13 - -29?
16
In base 10, what is -42 + 4?
-38
In base 7, what is -103 + 5?
-65
In base 4, what is 3320322 - -3?
3320331
In base 8, what is -1714 - 4?
-1720
In base 16, what is -1f2 - 5?
-1f7
In base 3, what is -10 - -10012?
10002
In base 5, what is 14 + 12132?
12201
In base 3, what is -2012 - -122?
-1120
In base 7, what is 3 - -534?
540
In base 16, what is -4 + -2fd?
-301
In base 13, what is -7ba + -4?
-7c1
In base 10, what is 151 + -4?
147
In base 11, what is 402 - -5?
407
In base 15, what is 855e - 3?
855b
In base 4, what is 3 - 22?
-13
In base 6, what is -15 + -101?
-120
In base 3, what is -2 - -2112100?
2112021
In base 9, what is -2 - -135?
133
In base 14, what is 2 - -6?
8
In base 2, what is -1111 - -11010111?
11001000
In base 15, what is 7 + 2da?
2e2
In base 13, what is -471 - 12?
-483
In base 14, what